[INFO] cloning repository https://github.com/meagon/rust_dst
[INFO] running `Command { std: "git" "-c" "credential.helper=" "-c" "credential.helper=/workspace/cargo-home/bin/git-credential-null" "clone" "--bare" "https://github.com/meagon/rust_dst" "/workspace/cache/git-repos/https%3A%2F%2Fgithub.com%2Fmeagon%2Frust_dst", kill_on_drop: false }`
[INFO] [stderr] Cloning into bare repository '/workspace/cache/git-repos/https%3A%2F%2Fgithub.com%2Fmeagon%2Frust_dst'...
[INFO] running `Command { std: "git" "rev-parse" "HEAD", kill_on_drop: false }`
[INFO] [stdout] 3db074a80bd89cc3e1bd05e95093ea8ae2825406
[INFO] checking meagon/rust_dst against master#af3c6e733a40e671550e0f0f5aeecaa13772ba56 for pr-74989
[INFO] running `Command { std: "git" "clone" "/workspace/cache/git-repos/https%3A%2F%2Fgithub.com%2Fmeagon%2Frust_dst" "/workspace/builds/worker-6/source", kill_on_drop: false }`
[INFO] [stderr] Cloning into '/workspace/builds/worker-6/source'...
[INFO] [stderr] done.
[INFO] validating manifest of git repo https://github.com/meagon/rust_dst on toolchain af3c6e733a40e671550e0f0f5aeecaa13772ba56
[INFO] running `Command { std: "/workspace/cargo-home/bin/cargo" "+af3c6e733a40e671550e0f0f5aeecaa13772ba56" "read-manifest" "--manifest-path" "Cargo.toml", kill_on_drop: false }`
[INFO] started tweaking git repo https://github.com/meagon/rust_dst
[INFO] finished tweaking git repo https://github.com/meagon/rust_dst
[INFO] tweaked toml for git repo https://github.com/meagon/rust_dst written to /workspace/builds/worker-6/source/Cargo.toml
[INFO] crate git repo https://github.com/meagon/rust_dst already has a lockfile, it will not be regenerated
[INFO] running `Command { std: "/workspace/cargo-home/bin/cargo" "+af3c6e733a40e671550e0f0f5aeecaa13772ba56" "fetch" "--locked" "--manifest-path" "Cargo.toml", kill_on_drop: false }`
[INFO] [stderr] warning: dependency (time) specified without providing a local path, Git repository, or version to use. This will be considered an error in future versions
[INFO] [stderr] warning: unused manifest key: dependencies.time.time
[INFO] [stderr] error: the lock file /workspace/builds/worker-6/source/Cargo.lock needs to be updated but --locked was passed to prevent this
[INFO] [stderr] If you want to try to generate the lock file without accessing the network, use the --offline flag.
[INFO] the lockfile is outdated, regenerating it
[INFO] running `Command { std: "/workspace/cargo-home/bin/cargo" "+af3c6e733a40e671550e0f0f5aeecaa13772ba56" "generate-lockfile" "--manifest-path" "Cargo.toml" "-Zno-index-update", kill_on_drop: false }`
[INFO] [stderr]     Updating git repository `https://github.com/dckc/rust-sqlite3`
[INFO] running `Command { std: "/workspace/cargo-home/bin/cargo" "+af3c6e733a40e671550e0f0f5aeecaa13772ba56" "fetch" "--locked" "--manifest-path" "Cargo.toml", kill_on_drop: false }`
[INFO] [stderr] warning: dependency (time) specified without providing a local path, Git repository, or version to use. This will be considered an error in future versions
[INFO] [stderr] warning: unused manifest key: dependencies.time.time
[INFO] running `Command { std: "docker" "create" "-v" "/var/lib/crater-agent-workspace/builds/worker-6/target:/opt/rustwide/target:rw,Z" "-v" "/var/lib/crater-agent-workspace/builds/worker-6/source:/opt/rustwide/workdir:ro,Z" "-v" "/var/lib/crater-agent-workspace/cargo-home:/opt/rustwide/cargo-home:ro,Z" "-v" "/var/lib/crater-agent-workspace/rustup-home:/opt/rustwide/rustup-home:ro,Z" "-e" "SOURCE_DIR=/opt/rustwide/workdir" "-e" "CARGO_TARGET_DIR=/opt/rustwide/target" "-e" "CARGO_HOME=/opt/rustwide/cargo-home" "-e" "RUSTUP_HOME=/opt/rustwide/rustup-home" "-w" "/opt/rustwide/workdir" "-m" "1610612736" "--user" "0:0" "--network" "none" "rustops/crates-build-env@sha256:d92eaeed33fa75130ca1ee6c8a01d1ffb62bac859dfdfb3450e3e5d1c0146529" "/opt/rustwide/cargo-home/bin/cargo" "+af3c6e733a40e671550e0f0f5aeecaa13772ba56" "metadata" "--no-deps" "--format-version=1", kill_on_drop: false }`
[INFO] [stderr] WARNING: Your kernel does not support swap limit capabilities or the cgroup is not mounted. Memory limited without swap.
[INFO] [stdout] d14de32903ae445751f5d7d74f695d5c25f9acbd75e2817551250bbc33340eaa
[INFO] running `Command { std: "docker" "start" "-a" "d14de32903ae445751f5d7d74f695d5c25f9acbd75e2817551250bbc33340eaa", kill_on_drop: false }`
[INFO] running `Command { std: "docker" "inspect" "d14de32903ae445751f5d7d74f695d5c25f9acbd75e2817551250bbc33340eaa", kill_on_drop: false }`
[INFO] running `Command { std: "docker" "rm" "-f" "d14de32903ae445751f5d7d74f695d5c25f9acbd75e2817551250bbc33340eaa", kill_on_drop: false }`
[INFO] [stdout] d14de32903ae445751f5d7d74f695d5c25f9acbd75e2817551250bbc33340eaa
[INFO] running `Command { std: "docker" "create" "-v" "/var/lib/crater-agent-workspace/builds/worker-6/target:/opt/rustwide/target:rw,Z" "-v" "/var/lib/crater-agent-workspace/builds/worker-6/source:/opt/rustwide/workdir:ro,Z" "-v" "/var/lib/crater-agent-workspace/cargo-home:/opt/rustwide/cargo-home:ro,Z" "-v" "/var/lib/crater-agent-workspace/rustup-home:/opt/rustwide/rustup-home:ro,Z" "-e" "SOURCE_DIR=/opt/rustwide/workdir" "-e" "CARGO_TARGET_DIR=/opt/rustwide/target" "-e" "CARGO_INCREMENTAL=0" "-e" "RUST_BACKTRACE=full" "-e" "RUSTFLAGS=--cap-lints=forbid" "-e" "CARGO_HOME=/opt/rustwide/cargo-home" "-e" "RUSTUP_HOME=/opt/rustwide/rustup-home" "-w" "/opt/rustwide/workdir" "-m" "1610612736" "--user" "0:0" "--network" "none" "rustops/crates-build-env@sha256:d92eaeed33fa75130ca1ee6c8a01d1ffb62bac859dfdfb3450e3e5d1c0146529" "/opt/rustwide/cargo-home/bin/cargo" "+af3c6e733a40e671550e0f0f5aeecaa13772ba56" "check" "--frozen" "--all" "--all-targets" "--message-format=json", kill_on_drop: false }`
[INFO] [stderr] WARNING: Your kernel does not support swap limit capabilities or the cgroup is not mounted. Memory limited without swap.
[INFO] [stdout] f3ebede32614ede743ece0cfa1d9886931aba14396c75a019dd595fa002dd161
[INFO] running `Command { std: "docker" "start" "-a" "f3ebede32614ede743ece0cfa1d9886931aba14396c75a019dd595fa002dd161", kill_on_drop: false }`
[INFO] [stderr] warning: dependency (time) specified without providing a local path, Git repository, or version to use. This will be considered an error in future versions
[INFO] [stderr] warning: unused manifest key: dependencies.time.time
[INFO] [stderr]    Compiling version_check v0.9.2
[INFO] [stderr]    Compiling proc-macro2 v1.0.21
[INFO] [stderr]    Compiling unicode-xid v0.2.1
[INFO] [stderr]    Compiling syn v1.0.41
[INFO] [stderr]    Compiling libc v0.2.77
[INFO] [stderr]    Compiling proc-macro-hack v0.5.18
[INFO] [stderr]    Compiling const_fn v0.4.2
[INFO] [stderr]     Checking num-traits v0.1.43
[INFO] [stderr]     Checking enum_primitive v0.1.1
[INFO] [stderr]    Compiling standback v0.2.10
[INFO] [stderr]    Compiling time v0.2.19
[INFO] [stderr]    Compiling quote v1.0.7
[INFO] [stderr]     Checking time v0.1.44
[INFO] [stderr]     Checking rust-sqlite v0.3.1 (https://github.com/dckc/rust-sqlite3#b0dc7d6c)
[INFO] [stderr]    Compiling time-macros-impl v0.1.1
[INFO] [stderr]     Checking time-macros v0.1.0
[INFO] [stderr]     Checking lam v0.0.1 (/opt/rustwide/workdir)
[INFO] [stdout] error[E0432]: unresolved import `time::Timespec`
[INFO] [stdout]  --> src/main.rs:4:5
[INFO] [stdout]   |
[INFO] [stdout] 4 | use time::Timespec;
[INFO] [stdout]   |     ^^^^^^^^^^^^^^ no `Timespec` in the root
[INFO] [stdout] 
[INFO] [stdout] 
[INFO] [stdout] error[E0432]: unresolved import `sqlite3::DatabaseUpdate`
[INFO] [stdout]  --> src/main.rs:9:5
[INFO] [stdout]   |
[INFO] [stdout] 9 |     DatabaseUpdate,
[INFO] [stdout]   |     ^^^^^^^^^^^^^^ no `DatabaseUpdate` in the root
[INFO] [stdout] 
[INFO] [stdout] 
[INFO] [stdout] error: cannot find attribute `deriving` in this scope
[INFO] [stdout]   --> src/main.rs:15:3
[INFO] [stdout]    |
[INFO] [stdout] 15 | #[deriving(Show)]
[INFO] [stdout]    |   ^^^^^^^^
[INFO] [stdout] 
[INFO] [stdout] 
[INFO] [stdout] error[E0432]: unresolved import `time::Timespec`
[INFO] [stdout]  --> src/main.rs:4:5
[INFO] [stdout]   |
[INFO] [stdout] 4 | use time::Timespec;
[INFO] [stdout]   |     ^^^^^^^^^^^^^^ no `Timespec` in the root
[INFO] [stdout] 
[INFO] [stdout] 
[INFO] [stdout] error[E0432]: unresolved import `sqlite3::DatabaseUpdate`
[INFO] [stdout]  --> src/main.rs:9:5
[INFO] [stdout]   |
[INFO] [stdout] 9 |     DatabaseUpdate,
[INFO] [stdout]   |     ^^^^^^^^^^^^^^ no `DatabaseUpdate` in the root
[INFO] [stdout] 
[INFO] [stdout] 
[INFO] [stdout] error: cannot find attribute `deriving` in this scope
[INFO] [stdout]   --> src/main.rs:15:3
[INFO] [stdout]    |
[INFO] [stdout] 15 | #[deriving(Show)]
[INFO] [stdout]    |   ^^^^^^^^
[INFO] [stdout] 
[INFO] [stdout] 
[INFO] [stdout] warning: use of deprecated macro `try`: use the `?` operator instead
[INFO] [stdout]   --> src/main.rs:33:5
[INFO] [stdout]    |
[INFO] [stdout] 33 |     try!(conn.exec("CREATE TABLE person (
[INFO] [stdout]    |     ^^^
[INFO] [stdout]    |
[INFO] [stdout]    = note: `#[warn(deprecated)]` on by default
[INFO] [stdout] 
[INFO] [stdout] 
[INFO] [stdout] warning: use of deprecated macro `try`: use the `?` operator instead
[INFO] [stdout]   --> src/main.rs:44:22
[INFO] [stdout]    |
[INFO] [stdout] 44 |         let mut tx = try!(conn.prepare("INSERT INTO person (name,) 
[INFO] [stdout]    |                      ^^^
[INFO] [stdout] 
[INFO] [stdout] 
[INFO] [stdout] warning: use of deprecated macro `try`: use the `?` operator instead
[INFO] [stdout]   --> src/main.rs:46:23
[INFO] [stdout]    |
[INFO] [stdout] 46 |         let changes = try!(conn.update(&mut tx, &[&me.name, ]));
[INFO] [stdout]    |                       ^^^
[INFO] [stdout] 
[INFO] [stdout] 
[INFO] [stdout] warning: use of deprecated macro `try`: use the `?` operator instead
[INFO] [stdout]   --> src/main.rs:50:20
[INFO] [stdout]    |
[INFO] [stdout] 50 |     let mut stmt = try!(conn.prepare("SELECT id, name FROM person"));
[INFO] [stdout]    |                    ^^^
[INFO] [stdout] 
[INFO] [stdout] 
[INFO] [stdout] warning: use of deprecated macro `try`: use the `?` operator instead
[INFO] [stdout]   --> src/main.rs:53:5
[INFO] [stdout]    |
[INFO] [stdout] 53 |     try!(stmt.query(
[INFO] [stdout]    |     ^^^
[INFO] [stdout] 
[INFO] [stdout] 
[INFO] [stdout] warning: unnecessary parentheses around assigned value
[INFO] [stdout]   --> src/main.rs:31:20
[INFO] [stdout]    |
[INFO] [stdout] 31 |     let mut conn = (DatabaseConnection::in_memory());
[INFO] [stdout]    |                    ^^^^^^^^^^^^^^^^^^^^^^^^^^^^^^^^^ help: remove these parentheses
[INFO] [stdout]    |
[INFO] [stdout]    = note: `#[warn(unused_parens)]` on by default
[INFO] [stdout] 
[INFO] [stdout] 
[INFO] [stdout] warning: use of deprecated macro `try`: use the `?` operator instead
[INFO] [stdout]   --> src/main.rs:33:5
[INFO] [stdout]    |
[INFO] [stdout] 33 |     try!(conn.exec("CREATE TABLE person (
[INFO] [stdout]    |     ^^^
[INFO] [stdout]    |
[INFO] [stdout]    = note: `#[warn(deprecated)]` on by default
[INFO] [stdout] 
[INFO] [stdout] 
[INFO] [stdout] warning: use of deprecated macro `try`: use the `?` operator instead
[INFO] [stdout]   --> src/main.rs:44:22
[INFO] [stdout]    |
[INFO] [stdout] 44 |         let mut tx = try!(conn.prepare("INSERT INTO person (name,) 
[INFO] [stdout]    |                      ^^^
[INFO] [stdout] 
[INFO] [stdout] 
[INFO] [stdout] warning: use of deprecated macro `try`: use the `?` operator instead
[INFO] [stdout]   --> src/main.rs:46:23
[INFO] [stdout]    |
[INFO] [stdout] 46 |         let changes = try!(conn.update(&mut tx, &[&me.name, ]));
[INFO] [stdout]    |                       ^^^
[INFO] [stdout] 
[INFO] [stdout] 
[INFO] [stdout] warning: use of deprecated macro `try`: use the `?` operator instead
[INFO] [stdout]   --> src/main.rs:50:20
[INFO] [stdout]    |
[INFO] [stdout] 50 |     let mut stmt = try!(conn.prepare("SELECT id, name FROM person"));
[INFO] [stdout]    |                    ^^^
[INFO] [stdout] 
[INFO] [stdout] 
[INFO] [stdout] warning: use of deprecated macro `try`: use the `?` operator instead
[INFO] [stdout]   --> src/main.rs:53:5
[INFO] [stdout]    |
[INFO] [stdout] 53 |     try!(stmt.query(
[INFO] [stdout]    |     ^^^
[INFO] [stdout] 
[INFO] [stdout] 
[INFO] [stdout] warning: unnecessary parentheses around assigned value
[INFO] [stdout]   --> src/main.rs:31:20
[INFO] [stdout]    |
[INFO] [stdout] 31 |     let mut conn = (DatabaseConnection::in_memory());
[INFO] [stdout]    |                    ^^^^^^^^^^^^^^^^^^^^^^^^^^^^^^^^^ help: remove these parentheses
[INFO] [stdout]    |
[INFO] [stdout]    = note: `#[warn(unused_parens)]` on by default
[INFO] [stdout] 
[INFO] [stdout] 
[INFO] [stdout] error[E0277]: `Vec<Person>` doesn't implement `std::fmt::Display`
[INFO] [stdout]   --> src/main.rs:25:49
[INFO] [stdout]    |
[INFO] [stdout] 25 |         Ok(ppl) => println!("Found people: {}", ppl),
[INFO] [stdout]    |                                                 ^^^ `Vec<Person>` cannot be formatted with the default formatter
[INFO] [stdout]    |
[INFO] [stdout]    = help: the trait `std::fmt::Display` is not implemented for `Vec<Person>`
[INFO] [stdout]    = note: in format strings you may be able to use `{:?}` (or {:#?} for pretty-print) instead
[INFO] [stdout]    = note: required by `std::fmt::Display::fmt`
[INFO] [stdout]    = note: this error originates in a macro (in Nightly builds, run with -Z macro-backtrace for more info)
[INFO] [stdout] 
[INFO] [stdout] 
[INFO] [stdout] error[E0277]: `Vec<Person>` doesn't implement `std::fmt::Display`
[INFO] [stdout]   --> src/main.rs:25:49
[INFO] [stdout]    |
[INFO] [stdout] 25 |         Ok(ppl) => println!("Found people: {}", ppl),
[INFO] [stdout]    |                                                 ^^^ `Vec<Person>` cannot be formatted with the default formatter
[INFO] [stdout]    |
[INFO] [stdout]    = help: the trait `std::fmt::Display` is not implemented for `Vec<Person>`
[INFO] [stdout]    = note: in format strings you may be able to use `{:?}` (or {:#?} for pretty-print) instead
[INFO] [stdout]    = note: required by `std::fmt::Display::fmt`
[INFO] [stdout]    = note: this error originates in a macro (in Nightly builds, run with -Z macro-backtrace for more info)
[INFO] [stdout] 
[INFO] [stdout] 
[INFO] [stdout] error[E0599]: no method named `exec` found for enum `std::result::Result<DatabaseConnection, SqliteError>` in the current scope
[INFO] [stdout]   --> src/main.rs:33:15
[INFO] [stdout]    |
[INFO] [stdout] 33 |     try!(conn.exec("CREATE TABLE person (
[INFO] [stdout]    |               ^^^^ method not found in `std::result::Result<DatabaseConnection, SqliteError>`
[INFO] [stdout] 
[INFO] [stdout] 
[INFO] [stdout] error[E0599]: no method named `prepare` found for enum `std::result::Result<DatabaseConnection, SqliteError>` in the current scope
[INFO] [stdout]   --> src/main.rs:44:32
[INFO] [stdout]    |
[INFO] [stdout] 44 |         let mut tx = try!(conn.prepare("INSERT INTO person (name,) 
[INFO] [stdout]    |                                ^^^^^^^ method not found in `std::result::Result<DatabaseConnection, SqliteError>`
[INFO] [stdout] 
[INFO] [stdout] 
[INFO] [stdout] error[E0599]: no method named `update` found for enum `std::result::Result<DatabaseConnection, SqliteError>` in the current scope
[INFO] [stdout]   --> src/main.rs:46:33
[INFO] [stdout]    |
[INFO] [stdout] 46 |         let changes = try!(conn.update(&mut tx, &[&me.name, ]));
[INFO] [stdout]    |                                 ^^^^^^ method not found in `std::result::Result<DatabaseConnection, SqliteError>`
[INFO] [stdout] 
[INFO] [stdout] 
[INFO] [stdout] error[E0599]: no method named `exec` found for enum `std::result::Result<DatabaseConnection, SqliteError>` in the current scope
[INFO] [stdout]   --> src/main.rs:33:15
[INFO] [stdout]    |
[INFO] [stdout] 33 |     try!(conn.exec("CREATE TABLE person (
[INFO] [stdout]    |               ^^^^ method not found in `std::result::Result<DatabaseConnection, SqliteError>`
[INFO] [stdout] 
[INFO] [stdout] 
[INFO] [stdout] error[E0599]: no method named `prepare` found for enum `std::result::Result<DatabaseConnection, SqliteError>` in the current scope
[INFO] [stdout]   --> src/main.rs:44:32
[INFO] [stdout]    |
[INFO] [stdout] 44 |         let mut tx = try!(conn.prepare("INSERT INTO person (name,) 
[INFO] [stdout]    |                                ^^^^^^^ method not found in `std::result::Result<DatabaseConnection, SqliteError>`
[INFO] [stdout] 
[INFO] [stdout] 
[INFO] [stdout] error[E0599]: no method named `update` found for enum `std::result::Result<DatabaseConnection, SqliteError>` in the current scope
[INFO] [stdout]   --> src/main.rs:46:33
[INFO] [stdout]    |
[INFO] [stdout] 46 |         let changes = try!(conn.update(&mut tx, &[&me.name, ]));
[INFO] [stdout]    |                                 ^^^^^^ method not found in `std::result::Result<DatabaseConnection, SqliteError>`
[INFO] [stdout] 
[INFO] [stdout] 
[INFO] [stdout] error[E0599]: no method named `prepare` found for enum `std::result::Result<DatabaseConnection, SqliteError>` in the current scope
[INFO] [stdout]   --> src/main.rs:50:30
[INFO] [stdout]    |
[INFO] [stdout] 50 |     let mut stmt = try!(conn.prepare("SELECT id, name FROM person"));
[INFO] [stdout]    |                              ^^^^^^^ method not found in `std::result::Result<DatabaseConnection, SqliteError>`
[INFO] [stdout] 
[INFO] [stdout] 
[INFO] [stdout] error[E0599]: no method named `prepare` found for enum `std::result::Result<DatabaseConnection, SqliteError>` in the current scope
[INFO] [stdout]   --> src/main.rs:50:30
[INFO] [stdout]    |
[INFO] [stdout] 50 |     let mut stmt = try!(conn.prepare("SELECT id, name FROM person"));
[INFO] [stdout]    |                              ^^^^^^^ method not found in `std::result::Result<DatabaseConnection, SqliteError>`
[INFO] [stdout] 
[INFO] [stdout] 
[INFO] [stdout] warning: unused import: `Query`
[INFO] [stdout]   --> src/main.rs:10:5
[INFO] [stdout]    |
[INFO] [stdout] 10 |     Query,
[INFO] [stdout]    |     ^^^^^
[INFO] [stdout]    |
[INFO] [stdout]    = note: `#[warn(unused_imports)]` on by default
[INFO] [stdout] 
[INFO] [stdout] 
[INFO] [stdout] warning: unused import: `Query`
[INFO] [stdout]   --> src/main.rs:10:5
[INFO] [stdout]    |
[INFO] [stdout] 10 |     Query,
[INFO] [stdout]    |     ^^^^^
[INFO] [stdout]    |
[INFO] [stdout]    = note: `#[warn(unused_imports)]` on by default
[INFO] [stdout] 
[INFO] [stdout] 
[INFO] [stdout] warning: unused import: `ResultRowAccess`
[INFO] [stdout]   --> src/main.rs:11:5
[INFO] [stdout]    |
[INFO] [stdout] 11 |     ResultRowAccess,
[INFO] [stdout]    |     ^^^^^^^^^^^^^^^
[INFO] [stdout] 
[INFO] [stdout] 
[INFO] [stdout] warning: unused import: `ResultRowAccess`
[INFO] [stdout]   --> src/main.rs:11:5
[INFO] [stdout]    |
[INFO] [stdout] 11 |     ResultRowAccess,
[INFO] [stdout]    |     ^^^^^^^^^^^^^^^
[INFO] [stdout] 
[INFO] [stdout] 
[INFO] [stdout] error: aborting due to 8 previous errors; 8 warnings emitted
[INFO] [stdout] 
[INFO] [stdout] 
[INFO] [stdout] Some errors have detailed explanations: E0277, E0432, E0599.
[INFO] [stdout] 
[INFO] [stdout] For more information about an error, try `rustc --explain E0277`.
[INFO] [stdout] 
[INFO] [stdout] error: aborting due to 8 previous errors; 8 warnings emitted
[INFO] [stdout] 
[INFO] [stdout] 
[INFO] [stdout] Some errors have detailed explanations: E0277, E0432, E0599.
[INFO] [stdout] 
[INFO] [stdout] For more information about an error, try `rustc --explain E0277`.
[INFO] [stdout] 
[INFO] [stderr] error: could not compile `lam`.
[INFO] [stderr] 
[INFO] [stderr] To learn more, run the command again with --verbose.
[INFO] [stderr] warning: build failed, waiting for other jobs to finish...
[INFO] [stderr] error: build failed
[INFO] running `Command { std: "docker" "inspect" "f3ebede32614ede743ece0cfa1d9886931aba14396c75a019dd595fa002dd161", kill_on_drop: false }`
[INFO] running `Command { std: "docker" "rm" "-f" "f3ebede32614ede743ece0cfa1d9886931aba14396c75a019dd595fa002dd161", kill_on_drop: false }`
[INFO] [stdout] f3ebede32614ede743ece0cfa1d9886931aba14396c75a019dd595fa002dd161
